base 6?
-5
2 (base 11) to base 12
2
Convert 1010 (base 2) to base 8.
12
-3 (base 11) to base 9
-3
-22 (base 15) to base 3
-1012
Convert 8 (base 14) to base 2.
1000
Convert 0 (base 2) to base 15.
0
What is -c8 (base 16) in base 4?
-3020
What is -21 (base 13) in base 8?
-33
What is -14 (base 8) in base 13?
-c
Convert 12 (base 10) to base 5.
22
Convert -1110 (base 3) to base 16.
-27
What is 6 (base 13) in base 9?
6
What is 3 (base 13) in base 3?
10
What is -1 (base 14) in base 5?
-1
What is -2 (base 15) in base 3?
-2
What is 14 (base 8) in base 5?
22
What is 41 (base 11) in base 15?
30
Convert 17 (base 9) to base 7.
22
What is 4 (base 16) in base 14?
4
What is -2 (base 4) in base 13?
-2
Convert -1412 (base 5) to base 9.
-277
Convert 271 (base 9) to base 5.
1401
Convert 302 (base 4) to base 15.
35
5 (base 12) to base 5
10
Convert -1 (base 9) to base 10.
-1
-e (base 15) to base 10
-14
What is -2 (base 9) in base 14?
-2
-5 (base 10) to base 16
-5
What is -1 (base 3) in base 11?
-1
1100 (base 2) to base 13
c
What is -96 (base 14) in base 8?
-204
What is -c (base 15) in base 5?
-22
What is 32 (base 8) in base 7?
35
Convert 2120 (base 3) to base 12.
59
Convert 6 (base 11) to base 7.
6
What is -1 (base 5) in base 3?
-1
What is 4 (base 8) in base 12?
4
What is -4 (base 6) in base 14?
-4
What is 0 (base 15) in base 13?
0
2 (base 7) to base 11
2
Convert 2 (base 16) to base 3.
2
What is -21 (base 10) in base 16?
-15
-8 (base 12) to base 16
-8
What is 3 (base 13) in base 14?
3
Convert -125 (base 9) to base 8.
-150
What is 34 (base 9) in base 13?
25
10 (base 2) to base 12
2
What is -7 (base 8) in base 11?
-7
Convert 3 (base 9) to base 3.
10
Convert -10 (base 7) to base 15.
-7
Convert 30 (base 4) to base 2.
1100
What is -40 (base 10) in base 16?
-28
What is -55 (base 13) in base 8?
-106
Convert 14 (base 11) to base 14.
11
Convert -14 (base 12) to base 4.
-100
-7 (base 10) to base 11
-7
Convert -3 (base 16) to base 4.
-3
What is 21121 (base 3) in base 11?
177
15 (base 16) to base 2
10101
Convert 2 (base 8) to base 16.
2
Convert 2021 (base 3) to base 8.
75
Convert 20c (base 14) to base 2.
110010100
Convert 17b (base 12) to base 2.
11101111
What is 13 (base 10) in base 14?
d
Convert 101 (base 2) to base 14.
5
What is 204 (base 6) in base 16?
4c
Convert 5 (base 7) to base 13.
5
40 (base 10) to base 14
2c
101101 (base 2) to base 5
140
What is -611 (base 7) in base 5?
-2202
-14 (base 6) to base 8
-12
14 (base 11) to base 4
33
What is -3 (base 16) in base 4?
-3
-202 (base 4) to base 6
-54
-25 (base 12) to base 9
-32
Convert 5 (base 16) to base 11.
5
-24 (base 16) to base 12
-30
What is 5 (base 14) in base 5?
10
7a (base 12) to base 10
94
7 (base 16) to base 3
21
What is -3300 (base 4) in base 7?
-462
Convert 145 (base 6) to base 3.
2102
Convert 48 (base 13) to base 16.
3c
What is 52 (base 7) in base 15?
27
2 (base 4) to base 8
2
-62 (base 16) to base 15
-68
Convert -8 (base 12) to base 3.
-22
Convert 3 (base 10) to base 14.
3
What is -c (base 13) in base 7?
-15
What is 21 (base 7) in base 10?
15
33 (base 4) to base 5
30
-23 (base 8) to base 12
-17
What is 2a (base 11) in base 6?
52
12 (base 4) to base 16
6
5 (base 7) to base 8
5
-b1 (base 16) to base 9
-216
Convert -2 (base 16) to base 15.
-2
What is -6 (base 14) in base 7?
-6
What is -70 (base 12) in base 11?
-77
-2 (base 14) to base 5
-2
What is 4 (base 13) in base 4?
10
-2 (base 5) to base 15
-2
What is -13 (base 6) in base 5?
-14
Convert 100 (base 4) to base 9.
17
9 (base 16) to base 15
9
-13 (base 6) to base 8
-11
23 (base 5) to base 4
31
Convert 102 (base 3) to base 5.
21
Convert -11011001 (base 2) to base 9.
-261
Convert 330 (base 7) to base 6.
440
What is -2 (base 6) in base 13?
-2
12 (base 10) to base 16
c
Convert 1020 (base 3) to base 15.
23
-115 (base 11) to base 9
-162
Convert 22 (base 5) to base 15.
c
Convert -254 (base 12) to base 9.
-431
-38 (base 13) to base 4
-233
What is 27 (base 12) in base 16?
1f
What is -2 (base 9) in base 6?
-2
Convert 23 (base 10) to base 9.
25
Convert -1 (base 10) to base 4.
-1
Convert 3 (base 6) to base 12.
3
4 (base 15) to base 12
4
Convert 11 (base 7) to base 4.
20
314 (base 6) to base 14
86
-1c (base 14) to base 12
-22
What is -12 (base 4) in base 11?
-6
What is -45 (base 13) in base 11?
-52
What is -131 (base 4) in base 7?
-41
What is -10 (base 8) in base 14?
-8
Convert -12 (base 8) to base 4.
-22
-3 (base 10) to base 6
-3
Convert 22 (base 9) to base 12.
18
Convert -7c (base 14) to base 2.
-1101110
Convert -3 (base 5) to base 12.
-3
What is 1001 (base 3) in base 12?
24
What is 0 (base 4) in base 2?
0
What is -200 (base 3) in base 12?
-16
What is -2 (base 9) in base 3?
-2
Convert 111 (base 2) to base 9.
7
Convert 9 (base 15) to base 8.
11
What is 1 (base 10) in base 7?
1
1c (base 14) to base 16
1a
-6 (base 11) to base 15
-6
What is 149 (base 10) in base 14?
a9
What is 242 (base 11) in base 5?
2123
What is -30 (base 4) in base 13?
-c
1 (base 15) to base 11
1
What is 35 (base 6) in base 13?
1a
Convert -204 (base 7) to base 3.
-10210
Convert -11000 (base 2) to base 9.
-26
What is -6 (base 8) in base 3?
-20
Convert -7 (base 10) to base 3.
-21
Convert 1 (base 5) to base 13.
1
1 (base 7) to base 3
1
5 (base 13) to base 11
5
What is -121 (base 3) in base 7?
-22
What is -5 (base 10) in base 15?
-5
Convert 2 (base 7) to base 2.
10
Convert 61 (base 11) to base 10.
67
111 (base 7) to base 2
111001
-11001110 (base 2) to base 11
-178
What is -68 (base 16) in base 3?
-10212
a5 (base 12) to base 14
8d
Convert 110 (base 12) to base 8.
234
0 (base 4) to base 6
0
-2 (base 8) to base 15
-2
Convert 11 (base 8) to base 13.
9
a (base 11) to base 10
10
What is -157 (base 8) in base 2?
-1101111
Convert 12 (base 11) to base 14.
d
Convert -10 (base 4) to base 14.
-4
What is 4 (base 7) in base 15?
4
Convert a (base 14) to base 3.
101
Convert 89 (base 11) to base 3.
10121
What is 10 (base 4) in base 6?
4
d (base 16) to base 14
d
Convert 121 (base 16) to base 8.
441
What is -132 (base 5) in base 12?
-36
Convert -34 (base 11) to base 3.
-1101
Convert -80 (base 13) to base 7.
-206
0 (base 15) to base 13
0
1 (base 12) to base 6
1
-13 (base 4) to base 15
-7
What is 1002 (base 3) in base 7?
41
What is -1 (base 15) in base 9?
-1
Convert b (base 13) to base 12.
b
-211 (base 3) to base 15
-17
-147 (base 8) to base 12
-87
-2 (base 10) to base 7
-2
Convert 30 (base 11) to base 7.
45
What is -af (base 16) in base 12?
-127
22 (base 4) to base 8
12
4 (base 5) to base 4
10
Convert -43 (base 6) to base 11.
-25
43 (base 15) to base 16
3f
-2 (base 7) to base 3
-2
Convert -37 (base 12) to base 10.
-43
What is -1 (base 14) in base 8?
-1
Convert -40 (base 13) to base 6.
-124
What is 4 (base 8) in base 10?
4
Convert 3 (base 10) to base 12.
3
What is 1 (base 9) in base 7?
1
1 (base 6) to base 15
1
What is -172 (base 14) in base 4?
-10220
What is 35 (base 15) in base 10?
50
What is 2 (base 11) in base 15?
2
What is -110 (base 2) in base 12?
-6
What is 1e (base 16) in base 9?
33
2 (base 7) to base 4
2
What is 2 (base 4) in base 11?
2
37 (base 12) to base 7
61
6 (base 11) to base 10
6
What is -a5 (base 15) in base 2?
-10011011
What is -3 (base 13) in base 15?
-3
2 (base 10) to base 13
2
-d (base 14) to base 10
-13
3 (base 9) to base 2
11
6 (base 9) to base 10
6
-20 (base 9) to base 4
-102
What is -17 (base 8) in base 14?
-11
What is -15 (base 13) in base 5?
-33
29 (base 10) to base 4
131
What is -58 (base 12) in base 7?
-125
-3 (base 9) to base 12
-3
What is 11 (base 3) in base 8?
4
0 (base 2) to base 6
0
-10 (base 5) to base 2
-101
What is 10 (base 5) in base 9?
5
41 (base 5) to base 3
210
Convert -10 (base 6) to base 8.
-6
310 (base 5) to base 10
80
-40 (base 5) to base 16
-14
Convert -211 (base 8) to base 7.
-254
Convert -40 (base 13) to base 11.
-48
Convert 4 (base 13) to base 10.
4
Convert -100001 (base 2) to base 14.
-25
-56 (base 7) to base 3
-1112
1122 (base 3) to base 11
40
-3 (base 11) to base 2
-11
What is 7 (base 12) in base 8?
7
Convert 3 (base 16) to base 7.
3
What is 324 (base 6) in base 14?
8c
0 (base 11) to base 8
0
What is -112 (base 6) in base 2?
-101100
Convert -3 (base 7) to base 9.
-3
What is 16 (base 16) in base 3?
211
What is -4 (base 7) in base 14?
-4
Convert 1 (base 2) to base 8.
1
-126 (base 8)